e greatest common factor of c and k?
1
Suppose 0 = 3*m - 3 - 48. What is the greatest common divisor of m and 17?
17
Let v = 0 - -6. Suppose -4*h + 102 = v. Calculate the greatest common divisor of 6 and h.
6
Let h(o) = -4*o. Let p be h(-3). What is the greatest common divisor of p and 84?
12
Let l(u) = -u**3 + 2*u**2 - 2*u. Let x be l(-2). Calculate the greatest common divisor of x and 40.
20
Suppose -408 = 3*u - 15*u. What is the highest common divisor of 306 and u?
34
Suppose 2*z + 169 = -251. Let w be ((-2)/6)/(5/z). Calculate the highest common divisor of 56 and w.
14
Let s = 90 + -9. What is the greatest common divisor of 27 and s?
27
Let p be 33/(-1 + (4 - 0)). Calculate the highest common divisor of 88 and p.
11
Suppose -11 = -3*d - 2. Suppose r = 5*q - 45, d*r = -4*q - 10 + 46. Calculate the highest common divisor of q and 6.
3
Let f(k) = -k**2 - 5*k - 3. Let t be f(-5). Let x be t/6*(0 + -2). What is the greatest common factor of x and 3?
1
Suppose 6*l - 8*l + 4 = 0. Suppose -g - l*k + 26 = 0, -28 + 13 = -5*k. What is the highest common factor of 5 and g?
5
Let m be (28/(-8))/((-1)/2). Let w = -3 + 17. What is the highest common divisor of w and m?
7
Suppose 0 = -3*q - 2*q + 10. Suppose -2*u + 23 = l, 0*l = 4*u - q*l - 26. Let m be ((-36)/5)/((-2)/10). Calculate the highest common factor of u and m.
9
Let q be 3*(12/9 + -2). Let x = -1 - q. Suppose -u + x = -1. Calculate the highest common factor of 18 and u.
2
Suppose 0*g - 3*g = -33. What is the greatest common factor of 11 and g?
11
Suppose -36 - 72 = -3*n. What is the greatest common divisor of n and 4?
4
Let t be 2/(-10) - 64/(-20). Let y be (-2 - 429)/(-2 - -3). Let i be y/(-3) + 1/t. Calculate the highest common factor of 18 and i.
18
Let f be 4 + -3 - (-3 + 67)/(-2). What is the greatest common factor of f and 99?
33
Let r be (-41)/(-6) + 4/24. What is the greatest common factor of r and 7?
7
Let l = 9 + 15. What is the greatest common factor of l and 120?
24
Let g be -1*0*3/9. Suppose 2*a + 712 = 5*s, -3*a - 420 = -3*s - g*s. Calculate the greatest common divisor of s and 18.
18
Suppose -5*i + 10*i = 35. What is the highest common factor of 21 and i?
7
Let h be ((-26)/6 - -4) + (-194)/(-6). Let d = -25 - -15. Let f = h + d. Calculate the highest common factor of f and 11.
11
Suppose -3 = -0*p - p. Suppose -35 = -p*c + 10. Suppose 2*y - y = 3. What is the greatest common factor of y and c?
3
Let u(w) = -5 + 38 + 15 - w**2 + 2*w**2. Let m be u(0). Calculate the greatest common divisor of m and 12.
12
Let h(y) = -y**2 - 9*y - 5. Let p be h(-6). Calculate the highest common factor of p and 13.
13
Let r(t) = -4 + 8*t**2 - t + t**3 + t + 5*t. Let y be r(-7). Let s be 1/2*2 - -1. Calculate the highest common factor of s and y.
2
Let j = -24 + 33. What is the highest common factor of 72 and j?
9
Let q(c) = c**3 - 4*c**2 - 19*c + 16. Let z be q(7). What is the greatest common factor of z and 75?
15
Suppose 0 = k + 5, -3*c + c + 5*k = -85. Calculate the greatest common divisor of c and 45.
15
Suppose 2*o = 6, -3*p + 2*o + 51 = -2*o. Suppose -10 = -2*b + 2*m, 8 = 4*b + m - 2. Calculate the highest common factor of p and b.
3
Let a be (-4)/(-2) - (-16 - -3). Let q = a + -3. Suppose -5*u = v - 6, 2*v - 6 = 5*u + 6. What is the greatest common divisor of v and q?
6
Suppose 0 = -2*l + 302 - 94. What is the highest common factor of l and 13?
13
Let c(d) = -d. Let q(p) = 19*p. Let l(h) = 4*c(h) - q(h). Let i be l(-6). Suppose 5*t - 12 - i = 0. Calculate the highest common divisor of 6 and t.
6
Let u = -203 + 374. Calculate the highest common factor of 57 and u.
57
Suppose 6*w = w + 3*s + 11, -8 = w - 4*s. What is the greatest common factor of 8 and w?
4
Let k(q) = 4*q. Suppose -h - 2 = -5*p - 30, 4*h + 4*p + 8 = 0. Suppose -z + h = -0. Let l be k(z). What is the highest common divisor of 132 and l?
12
Suppose -4*q = r - 3*q - 34, -2*r - 5*q + 80 = 0. What is the greatest common divisor of 15 and r?
15
Let j(k) = 4*k**3 + 2*k - 1. Let c be j(1). Let x be c/(10/28) + 2. Suppose -x = -5*m - 1. Calculate the greatest common factor of m and 3.
3
Suppose 0 = -3*j - 4*n + 4, 3*j + n = -j + 14. What is the highest common factor of j and 20?
4
Let a be 12 - (-2)/((-6)/3). Suppose 4*b + 11 = l - 6*l, 4*b + 14 = -2*l. What is the greatest common divisor of a and l?
1
Suppose 2*k - k - 3*z = -2, -2*z = -3*k + 8. Suppose -2*i = -k*i + 8. Calculate the highest common factor of 10 and i.
2
Let t = 4 - 1. Suppose -1992 = t*n - 6*n. Suppose -n = -5*m - 169. Calculate the greatest common factor of 11 and m.
11
Suppose 0 = -4*q - d + 64, 2*d = 3*q + 4*d - 43. Let f = -97 - -131. What is the greatest common factor of f and q?
17
Suppose -g - 2 = -2*v, v = -v + 2*g. Calculate the highest common divisor of 3 and v.
1
Suppose 0 = -4*t + 2*u - 6*u + 12, 5*t + 4*u = 10. Let h be (-23)/(-2) - t/4. Let f be (54/(-4))/(18/(-48)). Calculate the greatest common factor of f and h.
12
Let z be (-9)/(-2)*(0 - -2). Suppose -3*p - 2 = 4. Let m be ((-108)/(-2))/(p/(-1)). What is the highest common factor of m and z?
9
Suppose -249 = -5*z + 5*t + 576, -10 = 2*t. Calculate the highest common factor of 20 and z.
20
Suppose 5*o - 3*o = 56. Calculate the greatest common divisor of 7 and o.
7
Let x = -2 - -8. Let a be (8/(-12))/(2/(-6)). Let k be (a + 0)/(-2) - -10. What is the greatest common divisor of x and k?
3
Let y be 27/4*(-3 - 1). Let t be ((-18)/y)/((-4)/(-258)). Let g = -31 + t. Calculate the greatest common factor of 6 and g.
6
Let v be ((-11)/(-11))/(1/6). Calculate the highest common divisor of v and 54.
6
Let k(c) = 3*c**2. Let l be k(-1). Let d be -3 - -3 - 0 - 8. Let i be (10/8)/(d/(-96)). Calculate the greatest common divisor of l and i.
3
Let f be (1 - 2)/1 + 12. Calculate the highest common divisor of 22 and f.
11
Let g(q) = -q**3 + 8*q**2 - 6*q + 9. Let h be g(7). Suppose f = -0*f + 4. What is the greatest common factor of f and h?
4
Let h(j) = 3*j**2 - j - 4. Let w be h(-6). Suppose -m + 79 = 2*m + 5*y, w = 4*m + 2*y. What is the greatest common divisor of 4 and m?
4
Let z(l) = 2*l**2 + 7*l - 2. Let x be z(8). Calculate the greatest common divisor of 26 and x.
26
Suppose 0 = -3*i + 51 + 114. Calculate the highest common divisor of 22 and i.
11
Let s(p) = -p**3 - 3*p**2 + 1. Let d be s(-3). Let j = 26 - d. Suppose -j = -5*n, 5*o - 60 = n - 5*n. Calculate the highest common divisor of o and 16.
8
Suppose -5*v + 20 = 0, -5*u - 5*v + 0*v + 90 = 0. Let p = 90 + -83. Calculate the greatest common factor of u and p.
7
Let w be (2/6)/(2/108). What is the greatest common factor of w and 12?
6
Let p(k) be the second derivative of 5*k**4/12 - k**3/3 - k**2/2 + 3*k. Let r be p(2). Let h = 179 - 104. Calculate the greatest common divisor of h and r.
15
Let b = 2 + -1. Let z be 3/b - 1/1. Suppose z*d - 3*d - 5*s = 17, -2*d + 5*s = -26. Calculate the highest common divisor of d and 27.
3
Let g(u) = -u**2 - 12*u - 6. Let t be g(-9). Calculate the highest common factor of t and 231.
21
Suppose -8*g - 6 = -11*g. Suppose 0 = 5*k - v - 66, g*k - v = 4*v + 31. What is the greatest common divisor of k and 13?
13
Let f = 9 + 115. Let q = -61 + f. What is the greatest common divisor of q and 21?
21
Let f(q) = -q**3 - 6*q**2 + 7*q. Let s be f(-7). Let u(x) = -x**3 + x**2 + x + 2. Let v be u(s). What is the greatest common divisor of 2 and v?
2
Let c = 3 - 5. Let n be -6*1/c - -41. Suppose -4*t + 6*d + 54 = d, -3*t + 2*d + n = 0. What is the greatest common factor of t and 4?
4
Let y = 17 + -9. Let z be 6/(-4) + 124/y. Calculate the greatest common factor of 126 and z.
14
Suppose 2*p + 15 = 7*p. Let m(x) = -x**2 - 2*x**p + 14 + x**3 + 2*x**3 + 52. Let b be m(0). Calculate the highest common divisor of b and 6.
6
Let i = -69 - -89. What is the greatest common divisor of 220 and i?
20
Let x(n) = -n**3 + 7*n**2 + 11*n - 18. Let i be x(8). Calculate the greatest common factor of i and 4.
2
Suppose -2*o - 3*d = -5, -2*o - 10 = -2*d - 0*d. Let f = o + 7. Suppose n + f*c - 1 = 0, -5*c = 12 - 2. Calculate the greatest common divisor of 77 and n.
11
Let u(i) = 14*i. Let t be 12/(-10)*20/(-6). Let q be u(t). Calculate the highest common divisor of 14 and q.
14
Let g be ((-29)/(-4))/(1/4). Let n = -7 + g. What is the greatest common factor of 